-1000204211
Convert 54b1b (base 16) to base 12.
14890b
Convert 3201500 (base 7) to base 10.
387149
-67a96 (base 12) to base 14
-3845c
-dcca3 (base 14) to base 5
-114103311
Convert 613436 (base 7) to base 6.
2123435
-1014676 (base 9) to base 8
-2041441
-3a2cc (base 13) to base 6
-2152423
What is 371071 (base 10) in base 3?
200212000101
230456 (base 9) to base 14
384c4
Convert -42454020 (base 6) to base 9.
-2316673
360231 (base 9) to base 3
102000021001
Convert 29280 (base 12) to base 13.
20190
Convert 187711 (base 12) to base 7.
3431224
2547602 (base 10) to base 16
26df92
Convert 2555208 (base 10) to base 11.
1495847
Convert -55412261 (base 7) to base 12.
-1724168
Convert 6241265 (base 7) to base 15.
ec185
Convert 3a427 (base 11) to base 6.
1123202
-14884a1 (base 11) to base 12
-a28374
What is -30312402 (base 5) in base 10?
-244727
-204529 (base 14) to base 16
-109899
-94063 (base 11) to base 8
-413712
-174d631 (base 14) to base 8
-53637273
3347071 (base 8) to base 11
568840
-11122022202 (base 3) to base 12
-44a55
Convert 10bd70 (base 16) to base 2.
100001011110101110000
Convert 44b4c5 (base 14) to base 16.
23a565
4c520 (base 15) to base 6
5122203
What is -9137d6 (base 16) in base 5?
-4414021024
-9a3437 (base 11) to base 3
-10000022022120
1000011000011001111001111 (base 2) to base 3
1020001222222201
Convert 5333121 (base 6) to base 16.
3fc49
Convert -2231201 (base 6) to base 13.
-3c5b6
Convert -1156103 (base 11) to base 12.
-811573
2120324 (base 7) to base 9
431565
What is 11011101110110100000 (base 2) in base 15?
12e3a4
150074 (base 8) to base 2
1101000000111100
Convert 30012103 (base 4) to base 14.
140b9
-31720 (base 10) to base 16
-7be8
Convert 51477 (base 9) to base 8.
102210
Convert 37a1aa7 (base 12) to base 14.
1640167
Convert 13555243 (base 6) to base 15.
93313
Convert -2210100210 (base 3) to base 15.
-11429
What is 1a88198 (base 14) in base 5?
11342044021
877021 (base 9) to base 14
d8a89
What is -142236 (base 16) in base 8?
-5021066
Convert 1acab3c (base 13) to base 2.
100001111110011001101111
What is 30003333 (base 5) in base 8?
712533
Convert -142201144 (base 5) to base 14.
-153d83
What is 86857c (base 13) in base 16?
3038aa
Convert 2331120220 (base 4) to base 6.
24343144
1943647 (base 10) to base 8
7324137
Convert -1065067 (base 9) to base 5.
-121341023
What is -422324000 (base 5) in base 16?
-1adf65
110011111011 (base 2) to base 14
12d5
What is -47542 (base 16) in base 5?
-33322122
-2601266 (base 7) to base 2
-1010010001011110101
Convert 1000110001001101 (base 2) to base 4.
20301031
Convert -62152350 (base 7) to base 3.
-100210111121120
Convert 19a996 (base 16) to base 3.
10011110000102
What is 112212102001120 (base 3) in base 14?
10994d2
Convert -7223303 (base 8) to base 15.
-27b0e7
-11135552 (base 7) to base 2
-11101100001000011111
-21400212 (base 6) to base 15
-c8e42
Convert -1112022012212 (base 3) to base 15.
-110d48
What is 103213120 (base 5) in base 13?
1275b3
-335860 (base 12) to base 8
-3076610
66202611 (base 7) to base 8
25531132
Convert 64ca31 (base 13) to base 8.
11025060
What is -2035100 (base 6) in base 11?
-67959
What is -417350 (base 9) in base 2?
-111100100101010100
Convert -3c8904 (base 13) to base 11.
-9187a7
Convert 5b3414 (base 12) to base 14.
2a68da
Convert 335dc (base 16) to base 11.
13408a
Convert -10102010101112 (base 3) to base 10.
-1813307
Convert 2010011020112 (base 3) to base 7.
12363644
Convert 23be0 (base 16) to base 2.
100011101111100000
What is 3355011 (base 7) in base 10?
417096
What is -1101111110111111000000 (base 2) in base 8?
-15767700
What is -2033433342 (base 5) in base 7?
-50501512
Convert -5b18a (base 12) to base 15.
-2665d
What is 1bc65c (base 14) in base 4?
3302310122
-59496 (base 12) to base 13
-4277a
What is -332111 (base 7) in base 6?
-1130115
Convert 4022432 (base 5) to base 4.
33221311
What is -1230100121 (base 5) in base 6?
-143410503
Convert 21131223112 (base 4) to base 10.
2480854
What is 28a588 (base 12) in base 13?
1ab361
Convert -1022146 (base 11) to base 12.
-72b964
778c6 (base 14) to base 15
5ad42
What is 10223133332 (base 4) in base 11?
768748
-1000111010101 (base 2) to base 13
-2102
-11011001000111 (base 2) to base 7
-55340
What is 1225134 (base 6) in base 16?
10192
-111101101001111101 (base 2) to base 11
-162813
Convert -131739 (base 11) to base 4.
-302211122
a20d (base 15) to base 12
17971
-101101110111100011 (base 2) to base 13
-6768c
-10020001111 (base 3) to base 6
-1205451
Convert 110110110001011010 (base 2) to base 7.
1623033
-11101010000011001010 (base 2) to base 14
-1ad522
-49797 (base 11) to base 4
-101131020
517721 (base 8) to base 2
101001111111010001
Convert 42301430 (base 6) to base 12.
4b7876
Convert -5c97 (base 15) to base 7.
-111325
Convert 7523a93 (base 11) to base 12.
4526595
Convert -1140226 (base 8) to base 5.
-34431241
What is -54809 (base 10) in base 14?
-15d8d
Convert -17358181 (base 9) to base 12.
-2b0586a
78944 (base 11) to base 14
2d904
-1ca89 (base 16) to base 6
-2303241
Convert 293bc (base 13) to base 14.
2039b
What is 13303231 (base 4) in base 3?
1121212111
What is -2010000222 (base 3) in base 5?
-2312304
Convert -214830 (base 9) to base 6.
-2425430
1394f (base 16) to base 5
10031312
Convert 1608455 (base 9) to base 3.
1200022111212
Convert 32035140 (base 6) to base 14.
1a5c68
Convert 26185 (base 14) to base 16.
16da9
Convert -17851 (base 16) to base 11.
-6641a
What is -11124415 (base 7) in base 12?
-3a6111
What is -1101313 (base 4) in base 9?
-7161
Convert 4c6bb (base 15) to base 2.
111011101100101110
-371882 (base 9) to base 8
-666415
-1404351 (base 6) to base 8
-231653
Convert 11002221000 (base 3) to base 6.
1422213
-2202112002022 (base 3) to base 8
-5460672
What is -168688 (base 10) in base 8?
-511360
Convert 2b24904 (base 12) to base 13.
1a78932
826020 (base 9) to base 7
4110204
16654 (base 10) to base 2
100000100001110
What is 200120020010 (base 3) in base 15?
733e9
28283 (base 14) to base 12
49563
1056253 (base 7) to base 11
90072
Convert 3b01b (base 12) to base 8.
236527
What is -527831 (base 9) in base 2?
-1001100101100100010
-669885 (base 11) to base 6
-34512412
-142000043 (base 6) to base 10
-2892699
What is -543325 (base 11) in base 6?
-30335242
Convert 1182a47 (base 12) to base 9.
6360611
32101155 (base 7) to base 2
1010011000110101011110
-250210 (base 14) to base 4
-10311212212
1401712 (base 8) to base 6
12240534
-2110121210 (base 3) to base 4
-23312313
-133523 (base 9) to base 10
-81345
-9163a1 (base 11) to base 14
-2a490c
-57113515 (base 8) to base 3
-212020221001022
What is 5db1c2 (base 16) in base 2?
10111011011000111000010
Convert -10011100001010011100011 (base 2) to base 13.
-10a2204
Convert d1a378 (base 16) to base 5.
12004120442
Convert -2542260 (base 8) to base 13.
-1b92a7
Convert -21021023020 (base 4) to base 16.
-2492c8
What is -112302203 (base 4) in base 13?
-33647
564712 (base 9) to base 4
1102202321
What is -16431600 (base 9) in base 12?
-2909b99
-3096b (base 13) to base 12
-42625
-2c7bd (base 14) to base 2
-11011001011000011
What is 31230 (base 4) in base 8?
1554
Convert -31002013012 (base 4) to base 9.
-6376521
-1110100100000011011 (base 2) to base 15
-965e1
Convert -87b8 (base 13) to base 7.
-106063
30c0 (base 14) to base 11
6347
Convert 12411131 (base 6) to base 7.
3310303
What is -103503151 (base 6) in base 9?
-3443274
What is -11873088 (base 9) in base 4?
-112100203310
Convert -7a2114 (base 12) to base 3.
-10200012201221
Convert -31020202 (base 4) to base 2.
-1101001000100010
-8ca8 (base 14) to base 3
-1020112122
-c517c (base 13) to base 12
-150a31
-22234212 (base 5) to base 10
-196182
What is -3244024244 (base 5) in base 7?
-113435015
1939d (base 16) to base 8
311635
4a1273 (base 13) to base 4
12300331203
What is -1411526 (base 7) in base 8?
-556756
Convert 130243053 (base 7) to base 11.
4745744
Convert 14460451 (base 8) to base 7.
40030604
Convert -58096 (base 11) to base 6.
-1444410
67d7c7 (base 14) to base 7
42013340
Convert -13c6abb (base 14) to base 6.
-542125005
1364243 (base 7) to base 13
65981
What is 1000110111100101111011 (base 2) in base 16?
23797b
Convert -16aafc (base 16) to base 8.
-5525374
Convert -2033202303 (base 4) to base 3.
-1002212112010
10110101000010010101011 (base 2) to base 15
7c2a53